 prime factors of 463291.
463291
What are the prime factors of 1077268?
2, 269317
List the prime factors of 16892549.
181, 93329
List the prime factors of 4799143.
67, 83, 863
What are the prime factors of 5045554?
2, 61, 41357
What are the prime factors of 2995269?
3, 998423
What are the prime factors of 122509?
122509
What are the prime factors of 299069?
23, 13003
List the prime factors of 11304202.
2, 7, 13, 19, 467
List the prime factors of 480289.
103, 4663
What are the prime factors of 3370340?
2, 5, 43, 3919
List the prime factors of 287519.
317, 907
What are the prime factors of 73895?
5, 14779
What are the prime factors of 12542562?
2, 3, 696809
What are the prime factors of 3945452?
2, 7, 140909
What are the prime factors of 1464322?
2, 43, 17027
List the prime factors of 319479.
3, 109, 977
What are the prime factors of 14788668?
2, 3, 1232389
What are the prime factors of 4404914?
2, 23, 31, 3089
What are the prime factors of 870196?
2, 17, 67, 191
What are the prime factors of 4711546?
2, 7, 131, 367
List the prime factors of 938979.
3, 83, 419
List the prime factors of 420111.
3, 46679
What are the prime factors of 21057753?
3, 2593, 2707
List the prime factors of 257330.
2, 5, 25733
What are the prime factors of 16422351?
3, 11, 307, 1621
What are the prime factors of 417667?
41, 61, 167
List the prime factors of 222675.
3, 5, 2969
List the prime factors of 11542594.
2, 7, 37, 22283
List the prime factors of 4526760.
2, 3, 5, 7, 17, 317
List the prime factors of 564978.
2, 3, 17, 29, 191
List the prime factors of 218373.
3, 83, 877
List the prime factors of 609617.
609617
What are the prime factors of 886952?
2, 11, 10079
What are the prime factors of 1214773?
7, 173539
List the prime factors of 24262085.
5, 79, 239, 257
List the prime factors of 148222.
2, 37, 2003
List the prime factors of 960713.
13, 67, 1103
What are the prime factors of 20643204?
2, 3, 167, 10301
List the prime factors of 23133146.
2, 19, 608767
List the prime factors of 16619975.
5, 664799
What are the prime factors of 371058?
2, 3, 61843
List the prime factors of 295721.
113, 2617
What are the prime factors of 425902?
2, 61, 3491
What are the prime factors of 8267948?
2, 13, 23, 31, 223
List the prime factors of 196541.
196541
List the prime factors of 1361122.
2, 7, 17, 19, 43
What are the prime factors of 1060257?
3, 11, 19, 89
List the prime factors of 209738.
2, 104869
List the prime factors of 10551588.
2, 3, 879299
What are the prime factors of 97554?
2, 3, 71, 229
List the prime factors of 27082848.
2, 3, 13, 21701
What are the prime factors of 892287?
3, 11, 9013
List the prime factors of 14068002.
2, 3, 13, 41, 53, 83
What are the prime factors of 2262821?
11, 18701
List the prime factors of 330178.
2, 165089
What are the prime factors of 12656?
2, 7, 113
What are the prime factors of 126620?
2, 5, 13, 487
List the prime factors of 85051.
17, 5003
What are the prime factors of 1118800?
2, 5, 2797
What are the prime factors of 1846550?
2, 5, 36931
List the prime factors of 3541465.
5, 708293
What are the prime factors of 358303?
11, 32573
List the prime factors of 5080542.
2, 3, 846757
What are the prime factors of 10738954?
2, 37, 145121
List the prime factors of 188012.
2, 11, 4273
What are the prime factors of 5222489?
337, 15497
What are the prime factors of 961650?
2, 3, 5, 2137
List the prime factors of 1860984.
2, 3, 25847
What are the prime factors of 4131211?
7, 331, 1783
List the prime factors of 358735.
5, 13, 5519
List the prime factors of 12070753.
12070753
List the prime factors of 99702.
2, 3, 29, 191
List the prime factors of 932649.
3, 310883
List the prime factors of 907467.
3, 11, 107, 257
List the prime factors of 470535.
3, 5, 13, 19, 127
What are the prime factors of 241691?
241691
List the prime factors of 1197004.
2, 17, 29, 607
List the prime factors of 457253.
457253
List the prime factors of 39647.
41, 967
List the prime factors of 2065040.
2, 5, 83, 311
What are the prime factors of 51751?
7, 7393
What are the prime factors of 332535?
3, 5, 7, 3167
List the prime factors of 161223.
3, 61, 881
List the prime factors of 73620.
2, 3, 5, 409
List the prime factors of 2923470.
2, 3, 5, 11, 2953
List the prime factors of 310899.
3, 31, 3343
What are the prime factors of 516605?
5, 277, 373
List the prime factors of 25835765.
5, 79, 65407
What are the prime factors of 10413049?
10413049
What are the prime factors of 561653?
457, 1229
What are the prime factors of 13347648?
2, 3, 23173
List the prime factors of 7964011.
11, 724001
List the prime factors of 6730343.
6730343
List the prime factors of 7350529.
151, 48679
What are the prime factors of 846622?
2, 7, 53, 163
List the prime factors of 18051975.
3, 5, 80231
What are the prime factors of 572571?
3, 113, 563
What are the prime factors of 4414096?
2, 275881
What are the prime factors of 393771?
3, 7, 17, 1103
What are the prime factors of 2923654?
2, 157, 9311
What are the prime factors of 104615?
5, 7, 61
List the prime factors of 3105380.
2, 5, 155269
List the prime factors of 4638992.
2, 289937
What are the prime factors of 21982956?
2, 3, 1831913
List the prime factors of 605870.
2, 5, 43, 1409
List the prime factors of 244171.
17, 53, 271
List the prime factors of 1236900.
2, 3, 5, 7, 19, 31
What are the prime factors of 1734339?
3, 19, 30427
List the prime factors of 2076184.
2, 11, 23593
What are the prime factors of 164188?
2, 41047
List the prime factors of 10726494.
2, 3, 641, 2789
What are the prime factors of 1515210?
2, 3, 5, 17, 2971
List the prime factors of 184811.
11, 53, 317
What are the prime factors of 15020?
2, 5, 751
List the prime factors of 452801.
23, 19687
List the prime factors of 332147.
332147
What are the prime factors of 263453?
109, 2417
What are the prime factors of 876699?
3, 29, 3359
What are the prime factors of 3397591?
3397591
List the prime factors of 29052.
2, 3, 269
What are the prime factors of 37898309?
41, 47, 71, 277
What are the prime factors of 18337368?
2, 3, 7, 31, 503
What are the prime factors of 358881?
3, 119627
What are the prime factors of 6460960?
2, 5, 11, 3671
List the prime factors of 1208457.
3, 19, 37, 191
What are the prime factors of 1331830?
2, 5, 133183
What are the prime factors of 28273?
7, 577
List the prime factors of 2680427.
2680427
List the prime factors of 55589.
55589
List the prime factors of 482767.
482767
What are the prime factors of 130355?
5, 29, 31
List the prime factors of 7181455.
5, 1436291
List the prime factors of 537325.
5, 21493
What are the prime factors of 3810128?
2, 7, 34019
What are the prime factors of 485924?
2, 29, 59, 71
List the prime factors of 1567761.
3, 13, 61, 659
What are the prime factors of 1052136?
2, 3, 4871
List the prime factors of 645476.
2, 13, 12413
What are the prime factors of 178007?
17, 37, 283
What are the prime factors of 1840861?
11, 37, 4523
What are the prime factors of 373324?
2, 7, 67, 199
List the prime factors of 759042.
2, 3, 42169
What are the prime factors of 2144884?
2, 7, 76603
List the prime factors of 1133321.
7, 101, 229
What are the prime factors of 8050504?
2, 7, 11, 1867
List the prime factors of 217577.
217577
List the prime factors of 12738.
2, 3, 11, 193
List the prime factors of 8028680.
2, 5, 11, 71, 257
List the prime factors of 631965.
3, 5, 42131
What are the prime factors of 965829?
3, 97, 3319
What are the prime factors of 1097290?
2, 5, 197, 557
What are the prime factors of 29419754?
2, 7, 13, 109, 1483
List the prime factors of 2026650.
2, 3, 5, 59, 229
What are the prime factors of 2361723?
3, 7, 13, 41, 211
What are the prime factors of 868832?
2, 19, 1429
List the prime factors of 6558593.
6558593
List the prime factors of 2500497.
3, 37, 2503
What are the prime factors of 5078950?
2, 5, 157, 647
List the prime factors of 1363565.
5, 7, 38959
What are the prime factors of 4613624?
2, 576703
What are the prime factors of 134282?
2, 67141
List the prime factors of 1476444.
2, 3, 61, 2017
List the prime factors of 1382799.
3, 11, 41903
List the prime factors of 20815.
5, 23, 181
List the prime factors of 8402258.
2, 347, 12107
What are the prime factors of 425736?
2, 3, 73
List the prime factors of 10431408.
2, 3, 13, 